{"id":12,"date":"2015-09-21T19:59:46","date_gmt":"2015-09-21T18:59:46","guid":{"rendered":"http:\/\/sfbtm.fr\/jfbtm\/?page_id=12"},"modified":"2019-10-31T19:33:10","modified_gmt":"2019-10-31T18:33:10","slug":"programme-jfbtm-2018","status":"publish","type":"page","link":"https:\/\/sfbtm.fr\/jfbtm\/archives\/programme-jfbtm-2018\/","title":{"rendered":"Programme &#8211; JFBTM 2018"},"content":{"rendered":"<div>&nbsp;<\/div>\n<div>&nbsp;<\/div>\n<div><a href=\"https:\/\/sfbtm.fr\/jfbtm\/wp-content\/uploads\/2018\/03\/P1.jpg\"><img loading=\"lazy\" decoding=\"async\" class=\"aligncenter wp-image-1176 size-full\" src=\"https:\/\/sfbtm.fr\/jfbtm\/wp-content\/uploads\/2018\/03\/P1.jpg\" alt=\"\" width=\"582\" height=\"867\" srcset=\"https:\/\/sfbtm.fr\/jfbtm\/wp-content\/uploads\/2018\/03\/P1.jpg 582w, https:\/\/sfbtm.fr\/jfbtm\/wp-content\/uploads\/2018\/03\/P1-201x300.jpg 201w, https:\/\/sfbtm.fr\/jfbtm\/wp-content\/uploads\/2018\/03\/P1-101x150.jpg 101w\" sizes=\"auto, (max-width: 582px) 100vw, 582px\" \/><\/a> <a href=\"https:\/\/sfbtm.fr\/jfbtm\/wp-content\/uploads\/2018\/03\/P2.jpg\"><img loading=\"lazy\" decoding=\"async\" class=\"aligncenter wp-image-1177 size-full\" src=\"https:\/\/sfbtm.fr\/jfbtm\/wp-content\/uploads\/2018\/03\/P2.jpg\" alt=\"\" width=\"581\" height=\"891\" srcset=\"https:\/\/sfbtm.fr\/jfbtm\/wp-content\/uploads\/2018\/03\/P2.jpg 581w, https:\/\/sfbtm.fr\/jfbtm\/wp-content\/uploads\/2018\/03\/P2-196x300.jpg 196w, https:\/\/sfbtm.fr\/jfbtm\/wp-content\/uploads\/2018\/03\/P2-98x150.jpg 98w\" sizes=\"auto, (max-width: 581px) 100vw, 581px\" \/><\/a> <a href=\"https:\/\/sfbtm.fr\/jfbtm\/wp-content\/uploads\/2018\/03\/P3.jpg\"><img loading=\"lazy\" decoding=\"async\" class=\"aligncenter wp-image-1178 size-full\" src=\"https:\/\/sfbtm.fr\/jfbtm\/wp-content\/uploads\/2018\/03\/P3.jpg\" alt=\"\" width=\"579\" height=\"861\" srcset=\"https:\/\/sfbtm.fr\/jfbtm\/wp-content\/uploads\/2018\/03\/P3.jpg 579w, https:\/\/sfbtm.fr\/jfbtm\/wp-content\/uploads\/2018\/03\/P3-202x300.jpg 202w, https:\/\/sfbtm.fr\/jfbtm\/wp-content\/uploads\/2018\/03\/P3-101x150.jpg 101w\" sizes=\"auto, (max-width: 579px) 100vw, 579px\" \/><\/a> <a href=\"https:\/\/sfbtm.fr\/jfbtm\/wp-content\/uploads\/2018\/03\/P4.jpg\"><img loading=\"lazy\" decoding=\"async\" class=\"aligncenter wp-image-1179 size-full\" src=\"https:\/\/sfbtm.fr\/jfbtm\/wp-content\/uploads\/2018\/03\/P4.jpg\" alt=\"\" width=\"570\" height=\"794\" srcset=\"https:\/\/sfbtm.fr\/jfbtm\/wp-content\/uploads\/2018\/03\/P4.jpg 570w, https:\/\/sfbtm.fr\/jfbtm\/wp-content\/uploads\/2018\/03\/P4-215x300.jpg 215w, https:\/\/sfbtm.fr\/jfbtm\/wp-content\/uploads\/2018\/03\/P4-108x150.jpg 108w\" sizes=\"auto, (max-width: 570px) 100vw, 570px\" \/><\/a><\/div>\n<div>&nbsp;<\/div>\n<div>T\u00e9l\u00e9chargez le <a href=\"https:\/\/sfbtm.fr\/jfbtm\/wp-content\/uploads\/2018\/03\/Programme-final.pdf\" target=\"_blank\" rel=\"noopener noreferrer\">Programme final<\/a><\/div>\n<div>&nbsp;<\/div>\n<div><span style=\"font-size: 12pt;\"><em>(mise \u00e0 jour 08\/03\/2018)<\/em><\/span><\/div>\n<div>&nbsp;<\/div>\n","protected":false},"excerpt":{"rendered":"<p>&nbsp; &nbsp; &nbsp; T\u00e9l\u00e9chargez le Programme final &nbsp; (mise \u00e0 jour 08\/03\/2018) &nbsp;<\/p>\n<p> <a class=\"continue-reading-link\" href=\"https:\/\/sfbtm.fr\/jfbtm\/archives\/programme-jfbtm-2018\/\"><span>Lire la suite&#8230;<\/span><i class=\"crycon-right-dir\"><\/i><\/a> <\/p>\n","protected":false},"author":1,"featured_media":0,"parent":537,"menu_order":0,"comment_status":"closed","ping_status":"closed","template":"","meta":{"_exactmetrics_skip_tracking":false,"_exactmetrics_sitenote_active":false,"_exactmetrics_sitenote_note":"","_exactmetrics_sitenote_category":0,"footnotes":""},"class_list":["post-12","page","type-page","status-publish","hentry"],"_links":{"self":[{"href":"https:\/\/sfbtm.fr\/jfbtm\/wp-json\/wp\/v2\/pages\/12","targetHints":{"allow":["GET"]}}],"collection":[{"href":"https:\/\/sfbtm.fr\/jfbtm\/wp-json\/wp\/v2\/pages"}],"about":[{"href":"https:\/\/sfbtm.fr\/jfbtm\/wp-json\/wp\/v2\/types\/page"}],"author":[{"embeddable":true,"href":"https:\/\/sfbtm.fr\/jfbtm\/wp-json\/wp\/v2\/users\/1"}],"replies":[{"embeddable":true,"href":"https:\/\/sfbtm.fr\/jfbtm\/wp-json\/wp\/v2\/comments?post=12"}],"version-history":[{"count":74,"href":"https:\/\/sfbtm.fr\/jfbtm\/wp-json\/wp\/v2\/pages\/12\/revisions"}],"predecessor-version":[{"id":1529,"href":"https:\/\/sfbtm.fr\/jfbtm\/wp-json\/wp\/v2\/pages\/12\/revisions\/1529"}],"up":[{"embeddable":true,"href":"https:\/\/sfbtm.fr\/jfbtm\/wp-json\/wp\/v2\/pages\/537"}],"wp:attachment":[{"href":"https:\/\/sfbtm.fr\/jfbtm\/wp-json\/wp\/v2\/media?parent=12"}],"curies":[{"name":"wp","href":"https:\/\/api.w.org\/{rel}","templated":true}]}}