{"id":1281,"date":"2019-02-09T13:45:12","date_gmt":"2019-02-09T12:45:12","guid":{"rendered":"http:\/\/sfbtm.fr\/jfbtm\/?page_id=1281"},"modified":"2019-11-01T12:04:36","modified_gmt":"2019-11-01T11:04:36","slug":"programme-jfbtm-2019","status":"publish","type":"page","link":"https:\/\/sfbtm.fr\/jfbtm\/archives\/programme-jfbtm-2019\/","title":{"rendered":"Programme JFBTM 2019"},"content":{"rendered":"\n<p><\/p>\n\n\n\n<p><\/p>\n\n\n\n<p><img loading=\"lazy\" decoding=\"async\" width=\"591\" height=\"943\" class=\"wp-image-1500\" style=\"width: 591px;\" src=\"https:\/\/sfbtm.fr\/jfbtm\/wp-content\/uploads\/2019\/06\/Prog2019-1.jpg\" alt=\"\" srcset=\"https:\/\/sfbtm.fr\/jfbtm\/wp-content\/uploads\/2019\/06\/Prog2019-1.jpg 591w, https:\/\/sfbtm.fr\/jfbtm\/wp-content\/uploads\/2019\/06\/Prog2019-1-188x300.jpg 188w, https:\/\/sfbtm.fr\/jfbtm\/wp-content\/uploads\/2019\/06\/Prog2019-1-94x150.jpg 94w\" sizes=\"auto, (max-width: 591px) 100vw, 591px\" \/><\/p>\n\n\n\n<figure class=\"wp-block-image\"><img loading=\"lazy\" decoding=\"async\" width=\"591\" height=\"928\" src=\"https:\/\/sfbtm.fr\/jfbtm\/wp-content\/uploads\/2019\/06\/Prog2019-2.jpg\" alt=\"\" class=\"wp-image-1502\" srcset=\"https:\/\/sfbtm.fr\/jfbtm\/wp-content\/uploads\/2019\/06\/Prog2019-2.jpg 591w, https:\/\/sfbtm.fr\/jfbtm\/wp-content\/uploads\/2019\/06\/Prog2019-2-191x300.jpg 191w, https:\/\/sfbtm.fr\/jfbtm\/wp-content\/uploads\/2019\/06\/Prog2019-2-96x150.jpg 96w\" sizes=\"auto, (max-width: 591px) 100vw, 591px\" \/><\/figure>\n\n\n\n<figure class=\"wp-block-image\"><img loading=\"lazy\" decoding=\"async\" width=\"591\" height=\"933\" src=\"https:\/\/sfbtm.fr\/jfbtm\/wp-content\/uploads\/2019\/06\/Prog2019-3.jpg\" alt=\"\" class=\"wp-image-1503\" srcset=\"https:\/\/sfbtm.fr\/jfbtm\/wp-content\/uploads\/2019\/06\/Prog2019-3.jpg 591w, https:\/\/sfbtm.fr\/jfbtm\/wp-content\/uploads\/2019\/06\/Prog2019-3-190x300.jpg 190w, https:\/\/sfbtm.fr\/jfbtm\/wp-content\/uploads\/2019\/06\/Prog2019-3-95x150.jpg 95w\" sizes=\"auto, (max-width: 591px) 100vw, 591px\" \/><\/figure>\n\n\n\n<figure class=\"wp-block-image\"><img loading=\"lazy\" decoding=\"async\" width=\"591\" height=\"608\" src=\"https:\/\/sfbtm.fr\/jfbtm\/wp-content\/uploads\/2019\/06\/Prog2019-4.jpg\" alt=\"\" class=\"wp-image-1504\" srcset=\"https:\/\/sfbtm.fr\/jfbtm\/wp-content\/uploads\/2019\/06\/Prog2019-4.jpg 591w, https:\/\/sfbtm.fr\/jfbtm\/wp-content\/uploads\/2019\/06\/Prog2019-4-292x300.jpg 292w, https:\/\/sfbtm.fr\/jfbtm\/wp-content\/uploads\/2019\/06\/Prog2019-4-146x150.jpg 146w\" sizes=\"auto, (max-width: 591px) 100vw, 591px\" \/><\/figure>\n\n\n\n<p>T\u00e9l\u00e9chargez le <a href=\"https:\/\/sfbtm.fr\/jfbtm\/wp-content\/uploads\/2019\/06\/Final-programme-JFBTM2019.pdf\" target=\"_blank\" rel=\"noreferrer noopener\" aria-label=\"Programme d\u00e9finitif (opens in a new tab)\">Programme d\u00e9finitif<\/a><\/p>\n\n\n\n<p><em>(mise \u00e0 jour 03\/06\/2019)<\/em><\/p>\n","protected":false},"excerpt":{"rendered":"<p>T\u00e9l\u00e9chargez le Programme d\u00e9finitif (mise \u00e0 jour 03\/06\/2019)<\/p>\n<p> <a class=\"continue-reading-link\" href=\"https:\/\/sfbtm.fr\/jfbtm\/archives\/programme-jfbtm-2019\/\"><span>Lire la suite&#8230;<\/span><i class=\"crycon-right-dir\"><\/i><\/a> <\/p>\n","protected":false},"author":1,"featured_media":0,"parent":537,"menu_order":0,"comment_status":"closed","ping_status":"closed","template":"","meta":{"_exactmetrics_skip_tracking":false,"_exactmetrics_sitenote_active":false,"_exactmetrics_sitenote_note":"","_exactmetrics_sitenote_category":0,"footnotes":""},"class_list":["post-1281","page","type-page","status-publish","hentry"],"_links":{"self":[{"href":"https:\/\/sfbtm.fr\/jfbtm\/wp-json\/wp\/v2\/pages\/1281","targetHints":{"allow":["GET"]}}],"collection":[{"href":"https:\/\/sfbtm.fr\/jfbtm\/wp-json\/wp\/v2\/pages"}],"about":[{"href":"https:\/\/sfbtm.fr\/jfbtm\/wp-json\/wp\/v2\/types\/page"}],"author":[{"embeddable":true,"href":"https:\/\/sfbtm.fr\/jfbtm\/wp-json\/wp\/v2\/users\/1"}],"replies":[{"embeddable":true,"href":"https:\/\/sfbtm.fr\/jfbtm\/wp-json\/wp\/v2\/comments?post=1281"}],"version-history":[{"count":9,"href":"https:\/\/sfbtm.fr\/jfbtm\/wp-json\/wp\/v2\/pages\/1281\/revisions"}],"predecessor-version":[{"id":1507,"href":"https:\/\/sfbtm.fr\/jfbtm\/wp-json\/wp\/v2\/pages\/1281\/revisions\/1507"}],"up":[{"embeddable":true,"href":"https:\/\/sfbtm.fr\/jfbtm\/wp-json\/wp\/v2\/pages\/537"}],"wp:attachment":[{"href":"https:\/\/sfbtm.fr\/jfbtm\/wp-json\/wp\/v2\/media?parent=1281"}],"curies":[{"name":"wp","href":"https:\/\/api.w.org\/{rel}","templated":true}]}}