{"id":1512,"date":"2019-10-31T18:34:25","date_gmt":"2019-10-31T17:34:25","guid":{"rendered":"http:\/\/sfbtm.fr\/jfbtm\/?page_id=1512"},"modified":"2023-10-19T11:58:19","modified_gmt":"2023-10-19T10:58:19","slug":"bienvenue-aux-21emes-jfbtm","status":"publish","type":"page","link":"https:\/\/sfbtm.fr\/jfbtm\/archives\/bienvenue-aux-21emes-jfbtm\/","title":{"rendered":"Bienvenue aux 21\u00e8mes JFBTM"},"content":{"rendered":"\n<p>Chers Coll\u00e8gues et Amis,<\/p>\n\n\n\n<p>Nous\nserons extr\u00eamement heureux de vous accueillir \u00e0 l\u2019occasion des 21\u00e8mes JFBTMs\npour la premi\u00e8re fois \u00e0 Boulogne sur Mer.<\/p>\n\n\n\n<p>Ces\njourn\u00e9es se d\u00e9roulent dans les locaux de la Chambre de Commerce et d\u2019Industrie\nde Boulogne, \u00e0 200m de la plage et du plus grand aquarium d\u2019Europe \u00e0 Nausicaa&nbsp;;<\/p>\n\n\n\n<p>Les 5\nconf\u00e9renciers de renom pr\u00e9senteront les derni\u00e8res avanc\u00e9es dans leurs domaines\nrespectifs qui couvriront les diff\u00e9rents champs de recherche pr\u00e9sents dans\nnotre ch\u00e8re Soci\u00e9t\u00e9.<\/p>\n\n\n\n<p>Fid\u00e8le\n\u00e0 l\u2019esprit de notre Soci\u00e9t\u00e9, le congr\u00e8s sera l\u2019occasion de mettre en valeur les\njeunes chercheurs \u00e0 travers de nombreuses pr\u00e9sentations de leurs travaux sous\nforme de communications orales et affich\u00e9es s\u00e9lectionn\u00e9es parmi les abstracts\npar notre conseil scientifique. La SFBTM attribuera des prix aux meilleures de\nces communications.<\/p>\n\n\n\n<p>Nous\nesp\u00e9rons vous retrouver nombreux \u00e0 Boulogne sur Mer et vous permettre au-del\u00e0\ndu programme scientifique de profiter des sublimes paysages de la C\u00f4te d\u2019Opale.<\/p>\n\n\n\n<p>Pour le\ncomit\u00e9 d\u2019organisation<\/p>\n\n\n\n<p>Christophe\nChauveau et Guillaume Penel<\/p>\n","protected":false},"excerpt":{"rendered":"<p>Chers Coll\u00e8gues et Amis, Nous serons extr\u00eamement heureux de vous accueillir \u00e0 l\u2019occasion des 21\u00e8mes JFBTMs pour la premi\u00e8re fois \u00e0 Boulogne sur Mer. Ces journ\u00e9es se d\u00e9roulent dans les locaux de la Chambre de Commerce et d\u2019Industrie de Boulogne, \u00e0 200m de la plage et du plus grand aquarium\u2026<\/p>\n<p> <a class=\"continue-reading-link\" href=\"https:\/\/sfbtm.fr\/jfbtm\/archives\/bienvenue-aux-21emes-jfbtm\/\"><span>Lire la suite&#8230;<\/span><i class=\"crycon-right-dir\"><\/i><\/a> <\/p>\n","protected":false},"author":1,"featured_media":0,"parent":537,"menu_order":0,"comment_status":"closed","ping_status":"closed","template":"templates\/template-onecolumn.php","meta":{"_exactmetrics_skip_tracking":false,"_exactmetrics_sitenote_active":false,"_exactmetrics_sitenote_note":"","_exactmetrics_sitenote_category":0,"footnotes":""},"class_list":["post-1512","page","type-page","status-publish","hentry"],"_links":{"self":[{"href":"https:\/\/sfbtm.fr\/jfbtm\/wp-json\/wp\/v2\/pages\/1512","targetHints":{"allow":["GET"]}}],"collection":[{"href":"https:\/\/sfbtm.fr\/jfbtm\/wp-json\/wp\/v2\/pages"}],"about":[{"href":"https:\/\/sfbtm.fr\/jfbtm\/wp-json\/wp\/v2\/types\/page"}],"author":[{"embeddable":true,"href":"https:\/\/sfbtm.fr\/jfbtm\/wp-json\/wp\/v2\/users\/1"}],"replies":[{"embeddable":true,"href":"https:\/\/sfbtm.fr\/jfbtm\/wp-json\/wp\/v2\/comments?post=1512"}],"version-history":[{"count":2,"href":"https:\/\/sfbtm.fr\/jfbtm\/wp-json\/wp\/v2\/pages\/1512\/revisions"}],"predecessor-version":[{"id":1515,"href":"https:\/\/sfbtm.fr\/jfbtm\/wp-json\/wp\/v2\/pages\/1512\/revisions\/1515"}],"up":[{"embeddable":true,"href":"https:\/\/sfbtm.fr\/jfbtm\/wp-json\/wp\/v2\/pages\/537"}],"wp:attachment":[{"href":"https:\/\/sfbtm.fr\/jfbtm\/wp-json\/wp\/v2\/media?parent=1512"}],"curies":[{"name":"wp","href":"https:\/\/api.w.org\/{rel}","templated":true}]}}