{"id":1522,"date":"2019-10-31T19:20:05","date_gmt":"2019-10-31T18:20:05","guid":{"rendered":"http:\/\/sfbtm.fr\/jfbtm\/?page_id=1522"},"modified":"2023-10-10T17:01:06","modified_gmt":"2023-10-10T16:01:06","slug":"infos-pratiques","status":"publish","type":"page","link":"https:\/\/sfbtm.fr\/jfbtm\/archives\/infos-pratiques\/","title":{"rendered":"Informations pratiques &#8211; JFBTM 2022"},"content":{"rendered":"\n<div class=\"wp-block-image\"><figure class=\"alignright is-resized\"><a href=\"http:\/\/www.meteofrance.com\/previsions-meteo-france\/la-baule-escoublac\/44500\" target=\"_blank\" rel=\"noreferrer noopener\"><img loading=\"lazy\" decoding=\"async\" src=\"https:\/\/sfbtm.fr\/jfbtm\/wp-content\/uploads\/2015\/09\/000027671-150x150.jpg\" alt=\"\" class=\"wp-image-246\" width=\"100\" height=\"100\"\/><\/a><\/figure><\/div>\n\n\n\n<p>Les 22<sup>\u00e8mes<\/sup> JFBTM auront lieu du <strong>27 au 29 Avril 2022.<\/strong><\/p>\n\n\n\n<h4 class=\"wp-block-heading\"><strong>Lieu du congr\u00e8s<\/strong><\/h4>\n\n\n\n<p>Le congr\u00e8s aura lieu \u00e0 l\u2019h\u00f4tel L\u2019Hermitage *****<\/p>\n\n\n\n<p>5, esplanade Lucien Barri\u00e8re, 44504&nbsp;La Baule, France<\/p>\n\n\n\n<p>Coordonn\u00e9es GPS : 47.280355, -2.410088<\/p>\n\n\n\n<figure class=\"wp-block-image is-resized\"><img loading=\"lazy\" decoding=\"async\" src=\"https:\/\/sfbtm.fr\/jfbtm\/wp-content\/uploads\/2019\/10\/infos-1024x342.jpg\" alt=\"\" class=\"wp-image-1544\" width=\"649\" height=\"216\" srcset=\"https:\/\/sfbtm.fr\/jfbtm\/wp-content\/uploads\/2019\/10\/infos-1024x342.jpg 1024w, https:\/\/sfbtm.fr\/jfbtm\/wp-content\/uploads\/2019\/10\/infos-300x100.jpg 300w, https:\/\/sfbtm.fr\/jfbtm\/wp-content\/uploads\/2019\/10\/infos-768x257.jpg 768w, https:\/\/sfbtm.fr\/jfbtm\/wp-content\/uploads\/2019\/10\/infos-150x50.jpg 150w, https:\/\/sfbtm.fr\/jfbtm\/wp-content\/uploads\/2019\/10\/infos.jpg 1226w\" sizes=\"auto, (max-width: 649px) 100vw, 649px\" \/><\/figure>\n\n\n\n<h4 class=\"wp-block-heading\"><a href=\"https:\/\/en.labaule-guerande.com\/bureau-d-information-touristique-de-la-baule.html\" data-type=\"URL\">Venir \u00e0 La Baule-Escoublac<\/a><\/h4>\n\n\n\n<h4 class=\"wp-block-heading\"><strong>Train<\/strong><\/h4>\n\n\n\n<p><strong>Paris &#8211; La Baule Escoublac<\/strong><\/p>\n\n\n\n<figure class=\"wp-block-table\"><table><tbody><tr><td>Nbre de trajets par jour<br> 10<\/td><td>Dur\u00e9e moyenne d\u2019un trajet<br> 3h52<\/td><td>Dur\u00e9e du trajet le plus court<br> 3h<\/td><td>Premi\u00e8re heure de d\u00e9part<br> 7h18<\/td><td>Derni\u00e8re heure de d\u00e9part<br> 19h39<\/td><\/tr><\/tbody><\/table><\/figure>\n\n\n\n<p><strong>Nantes &#8211; la Baule Escoublac<\/strong><\/p>\n\n\n\n<figure class=\"wp-block-table\"><table><tbody><tr><td>Nbre de trajets par jour<br> 17<\/td><td>Dur\u00e9e moyenne d\u2019un trajet<br> 00h58<\/td><td>Dur\u00e9e du trajet le plus court<br> 00h49<\/td><td>Premi\u00e8re heure de d\u00e9part<br> 7h04<\/td><td>Derni\u00e8re heure de d\u00e9part<br> 22h54<\/td><\/tr><\/tbody><\/table><\/figure>\n\n\n\n<h4 class=\"wp-block-heading\"><strong>Venir en Avion<\/strong><\/h4>\n\n\n\n<p>L\u2019a\u00e9roport de Nantes\nAtlantique est situ\u00e9 \u00e0 75 km de\nLa Baule. <\/p>\n\n\n\n<p>Les liaisons directes \u00e0 1h30\nde l\u2019a\u00e9roport de Nantes Atlantique<strong> :<\/strong> Toulouse, Lyon,\nStrasbourg, Gen\u00e8ve, Amsterdam, Londres, Madrid. <\/p>\n\n\n\n<ul class=\"wp-block-list\"><li>Une ligne directe et\nrapide, d\u00e9part toute les 20 mn, assure votre connexion entre l\u2019a\u00e9roport de\nNantes et sa gare SNCF pour ensuite rejoindre en train la Baule Escoublac&nbsp;&nbsp;&nbsp;&nbsp;&nbsp;&nbsp;&nbsp; Tarif 9\u20ac<\/li><\/ul>\n\n\n\n<ul class=\"wp-block-list\"><li>Une navette est possible entre l\u2019a\u00e9roport de Nantes et l\u2019h\u00f4tel l\u2019Hermitage : <a href=\"http:\/\/www.navairport.com\">NAVairport<\/a>&nbsp;&nbsp;&nbsp;&nbsp; Tarif entre 110 \u20ac et 165 \u20ac (8 pers max par navette). <strong><span style=\"color:#cf2e2e\" class=\"tadv-color\">Il est fortement conseill\u00e9 de r\u00e9server sur le site 3 semaines avant votre voyage<\/span><\/strong><span style=\"color:#cf2e2e\" class=\"tadv-color\">.<\/span><\/li><\/ul>\n\n\n\n<ul class=\"wp-block-list\"><li>Contactez <a href=\"mailto: sandrine.maurice@univ-nantes.f\">Sandrine Maurice<\/a>\u00a0,\u00a0+33 (0)2 44 76 91 00)\u00a0pour les navettes entre a\u00e9roport et l\u2019Hermitage ou pour des demandes particuli\u00e8res.\u00a0<\/li><\/ul>\n\n\n\n<h4 class=\"wp-block-heading\"><strong>De la gare de la Baule \u00e0 l\u2019h\u00f4tel&nbsp;<\/strong><\/h4>\n\n\n\n<p>L\u2019h\u00f4tel est situ\u00e9 face \u00e0 la mer et \u00e0 2km de la\ngare de La Baule. <\/p>\n\n\n\n<p>N\u2019h\u00e9sitez pas \u00e0 descendre l\u2019avenue du G\u00e9n\u00e9ral\nde Gaulle pour rejoindre \u00e0 pied (15-20 mn) l\u2019h\u00f4tel et profiter de la magnifique\nbaie de La Baule. <\/p>\n\n\n\n<figure class=\"wp-block-image\"><img loading=\"lazy\" decoding=\"async\" width=\"1024\" height=\"532\" src=\"https:\/\/sfbtm.fr\/jfbtm\/wp-content\/uploads\/2019\/10\/plan-hotel-gare-1024x532.png\" alt=\"\" class=\"wp-image-1554\" srcset=\"https:\/\/sfbtm.fr\/jfbtm\/wp-content\/uploads\/2019\/10\/plan-hotel-gare-1024x532.png 1024w, https:\/\/sfbtm.fr\/jfbtm\/wp-content\/uploads\/2019\/10\/plan-hotel-gare-300x156.png 300w, https:\/\/sfbtm.fr\/jfbtm\/wp-content\/uploads\/2019\/10\/plan-hotel-gare-768x399.png 768w, https:\/\/sfbtm.fr\/jfbtm\/wp-content\/uploads\/2019\/10\/plan-hotel-gare-150x78.png 150w, https:\/\/sfbtm.fr\/jfbtm\/wp-content\/uploads\/2019\/10\/plan-hotel-gare.png 1668w\" sizes=\"auto, (max-width: 1024px) 100vw, 1024px\" \/><\/figure>\n\n\n\n<h4 class=\"wp-block-heading\"><strong>Votre s\u00e9jour<\/strong><\/h4>\n\n\n\n<p>Vous serez h\u00e9berg\u00e9 dans le prestigieux h\u00f4tel 5 \u00e9toiles de l\u2019Hermitage <strong>en chambre double<\/strong> comme pr\u00e9cis\u00e9 dans votre bordereau d\u2019inscription. N\u2019oubliez pas d\u2019indiquer le nom et le pr\u00e9nom de la personne qui partagera votre chambre.<\/p>\n\n\n\n<p>D\u00e9couvrez <a href=\"https:\/\/www.hotelsbarriere.com\/fr\/la-baule\/l-hermitage\/activites.html\">ici<\/a>\nles activit\u00e9s annexes de l\u2019h\u00f4tel.<\/p>\n\n\n\n<p>Les acc\u00e8s au hammam, au sauna et \u00e0 la salle de fitness sont libres et gratuits&nbsp;: n\u2019oubliez pas votre maillot de bain&nbsp;!! <\/p>\n\n\n\n<p><strong>Pour vous inscrire au congr\u00e8s <a href=\"https:\/\/sfbtm.fr\/jfbtm\/inscription\/\">cliquez ici<\/a><\/strong><\/p>\n","protected":false},"excerpt":{"rendered":"<p>Les 22\u00e8mes JFBTM auront lieu du 27 au 29 Avril 2022. Lieu du congr\u00e8s Le congr\u00e8s aura lieu \u00e0 l\u2019h\u00f4tel L\u2019Hermitage ***** 5, esplanade Lucien Barri\u00e8re, 44504&nbsp;La Baule, France Coordonn\u00e9es GPS : 47.280355, -2.410088 Venir \u00e0 La Baule-Escoublac Train Paris &#8211; La Baule Escoublac Nbre de trajets par jour 10\u2026<\/p>\n<p> <a class=\"continue-reading-link\" href=\"https:\/\/sfbtm.fr\/jfbtm\/archives\/infos-pratiques\/\"><span>Lire la suite&#8230;<\/span><i class=\"crycon-right-dir\"><\/i><\/a> <\/p>\n","protected":false},"author":1,"featured_media":0,"parent":537,"menu_order":0,"comment_status":"closed","ping_status":"closed","template":"","meta":{"_exactmetrics_skip_tracking":false,"_exactmetrics_sitenote_active":false,"_exactmetrics_sitenote_note":"","_exactmetrics_sitenote_category":0,"footnotes":""},"class_list":["post-1522","page","type-page","status-publish","hentry"],"_links":{"self":[{"href":"https:\/\/sfbtm.fr\/jfbtm\/wp-json\/wp\/v2\/pages\/1522","targetHints":{"allow":["GET"]}}],"collection":[{"href":"https:\/\/sfbtm.fr\/jfbtm\/wp-json\/wp\/v2\/pages"}],"about":[{"href":"https:\/\/sfbtm.fr\/jfbtm\/wp-json\/wp\/v2\/types\/page"}],"author":[{"embeddable":true,"href":"https:\/\/sfbtm.fr\/jfbtm\/wp-json\/wp\/v2\/users\/1"}],"replies":[{"embeddable":true,"href":"https:\/\/sfbtm.fr\/jfbtm\/wp-json\/wp\/v2\/comments?post=1522"}],"version-history":[{"count":20,"href":"https:\/\/sfbtm.fr\/jfbtm\/wp-json\/wp\/v2\/pages\/1522\/revisions"}],"predecessor-version":[{"id":2219,"href":"https:\/\/sfbtm.fr\/jfbtm\/wp-json\/wp\/v2\/pages\/1522\/revisions\/2219"}],"up":[{"embeddable":true,"href":"https:\/\/sfbtm.fr\/jfbtm\/wp-json\/wp\/v2\/pages\/537"}],"wp:attachment":[{"href":"https:\/\/sfbtm.fr\/jfbtm\/wp-json\/wp\/v2\/media?parent=1522"}],"curies":[{"name":"wp","href":"https:\/\/api.w.org\/{rel}","templated":true}]}}