{"id":2102,"date":"2021-11-19T15:31:21","date_gmt":"2021-11-19T14:31:21","guid":{"rendered":"https:\/\/sfbtm.fr\/jfbtm\/?page_id=2102"},"modified":"2022-04-21T13:03:03","modified_gmt":"2022-04-21T12:03:03","slug":"inscriptions","status":"publish","type":"page","link":"https:\/\/sfbtm.fr\/jfbtm\/concours-photos\/inscriptions\/","title":{"rendered":"Participation au concours photos JFBTM 2022"},"content":{"rendered":"\n\n\n<p><strong>D\u00e9sol\u00e9 le d\u00e9p\u00f4t de vos photos n&rsquo;est plus possible&#8230;.<\/strong><\/p>\n\n\n\n<p><\/p>\n\n\n\n<p>Un nouveau concours probablement l&rsquo;ann\u00e9e prochaine &#x1f61c;<\/p>\n\n\n","protected":false},"excerpt":{"rendered":"<p>D\u00e9sol\u00e9 le d\u00e9p\u00f4t de vos photos n&rsquo;est plus possible&#8230;. Un nouveau concours probablement l&rsquo;ann\u00e9e prochaine &#x1f61c;<\/p>\n<p> <a class=\"continue-reading-link\" href=\"https:\/\/sfbtm.fr\/jfbtm\/concours-photos\/inscriptions\/\"><span>Lire la suite&#8230;<\/span><i class=\"crycon-right-dir\"><\/i><\/a> <\/p>\n","protected":false},"author":2,"featured_media":0,"parent":2099,"menu_order":1,"comment_status":"closed","ping_status":"closed","template":"","meta":{"_exactmetrics_skip_tracking":false,"_exactmetrics_sitenote_active":false,"_exactmetrics_sitenote_note":"","_exactmetrics_sitenote_category":0,"footnotes":""},"class_list":["post-2102","page","type-page","status-publish","hentry"],"_links":{"self":[{"href":"https:\/\/sfbtm.fr\/jfbtm\/wp-json\/wp\/v2\/pages\/2102","targetHints":{"allow":["GET"]}}],"collection":[{"href":"https:\/\/sfbtm.fr\/jfbtm\/wp-json\/wp\/v2\/pages"}],"about":[{"href":"https:\/\/sfbtm.fr\/jfbtm\/wp-json\/wp\/v2\/types\/page"}],"author":[{"embeddable":true,"href":"https:\/\/sfbtm.fr\/jfbtm\/wp-json\/wp\/v2\/users\/2"}],"replies":[{"embeddable":true,"href":"https:\/\/sfbtm.fr\/jfbtm\/wp-json\/wp\/v2\/comments?post=2102"}],"version-history":[{"count":10,"href":"https:\/\/sfbtm.fr\/jfbtm\/wp-json\/wp\/v2\/pages\/2102\/revisions"}],"predecessor-version":[{"id":2429,"href":"https:\/\/sfbtm.fr\/jfbtm\/wp-json\/wp\/v2\/pages\/2102\/revisions\/2429"}],"up":[{"embeddable":true,"href":"https:\/\/sfbtm.fr\/jfbtm\/wp-json\/wp\/v2\/pages\/2099"}],"wp:attachment":[{"href":"https:\/\/sfbtm.fr\/jfbtm\/wp-json\/wp\/v2\/media?parent=2102"}],"curies":[{"name":"wp","href":"https:\/\/api.w.org\/{rel}","templated":true}]}}