{"id":3405,"date":"2026-01-26T15:42:46","date_gmt":"2026-01-26T14:42:46","guid":{"rendered":"https:\/\/sfbtm.fr\/jfbtm\/?page_id=3405"},"modified":"2026-04-08T12:29:42","modified_gmt":"2026-04-08T11:29:42","slug":"partenaires-jfbtm-2026","status":"publish","type":"page","link":"https:\/\/sfbtm.fr\/jfbtm\/archives\/partenaires-jfbtm-2026\/","title":{"rendered":"Partenaires -JFBTM 2026"},"content":{"rendered":"<h3 class=\"entry-title\"><span style=\"font-size: revert; color: initial;\">Nous remercions vivement les partenaires qui nous soutiennent pour ces 26<\/span><sup style=\"color: initial;\">\u00e8mes<\/sup><span style=\"font-size: revert; color: initial;\"> JFBTM organis\u00e9es \u00e0 Paris en 2026.<\/span><\/h3>\n<div class=\"entry-content\">\n<p>Si vous souhaitez nous rejoindre, <a href=\"https:\/\/sfbtm.fr\/jfbtm\/sponsoring\/\">cette page<\/a> vous donnera plus de d\u00e9tails.<\/p>\n<p><a href=\"https:\/\/sfbtm.fr\/jfbtm\/wp-content\/uploads\/2026\/04\/sponsors26v4.png\" data-wp-editing=\"1\"><img loading=\"lazy\" decoding=\"async\" class=\"aligncenter wp-image-3464 size-large\" src=\"https:\/\/sfbtm.fr\/jfbtm\/wp-content\/uploads\/2026\/04\/sponsors26v4-1024x510.png\" alt=\"\" width=\"1000\" height=\"498\" srcset=\"https:\/\/sfbtm.fr\/jfbtm\/wp-content\/uploads\/2026\/04\/sponsors26v4-1024x510.png 1024w, https:\/\/sfbtm.fr\/jfbtm\/wp-content\/uploads\/2026\/04\/sponsors26v4-300x150.png 300w, https:\/\/sfbtm.fr\/jfbtm\/wp-content\/uploads\/2026\/04\/sponsors26v4-768x383.png 768w, https:\/\/sfbtm.fr\/jfbtm\/wp-content\/uploads\/2026\/04\/sponsors26v4-150x75.png 150w, https:\/\/sfbtm.fr\/jfbtm\/wp-content\/uploads\/2026\/04\/sponsors26v4.png 1270w\" sizes=\"auto, (max-width: 1000px) 100vw, 1000px\" \/><\/a><\/p>\n<\/div>\n\n\n\n","protected":false},"excerpt":{"rendered":"<p>Nous remercions vivement les partenaires qui nous soutiennent pour ces 26\u00e8mes JFBTM organis\u00e9es \u00e0 Paris en 2026. Si vous souhaitez nous rejoindre, cette page vous donnera plus de d\u00e9tails.<\/p>\n<p> <a class=\"continue-reading-link\" href=\"https:\/\/sfbtm.fr\/jfbtm\/archives\/partenaires-jfbtm-2026\/\"><span>Lire la suite&#8230;<\/span><i class=\"crycon-right-dir\"><\/i><\/a> <\/p>\n","protected":false},"author":433,"featured_media":0,"parent":537,"menu_order":0,"comment_status":"closed","ping_status":"closed","template":"templates\/template-onecolumn.php","meta":{"_exactmetrics_skip_tracking":false,"_exactmetrics_sitenote_active":false,"_exactmetrics_sitenote_note":"","_exactmetrics_sitenote_category":0,"footnotes":""},"class_list":["post-3405","page","type-page","status-publish","hentry"],"_links":{"self":[{"href":"https:\/\/sfbtm.fr\/jfbtm\/wp-json\/wp\/v2\/pages\/3405","targetHints":{"allow":["GET"]}}],"collection":[{"href":"https:\/\/sfbtm.fr\/jfbtm\/wp-json\/wp\/v2\/pages"}],"about":[{"href":"https:\/\/sfbtm.fr\/jfbtm\/wp-json\/wp\/v2\/types\/page"}],"author":[{"embeddable":true,"href":"https:\/\/sfbtm.fr\/jfbtm\/wp-json\/wp\/v2\/users\/433"}],"replies":[{"embeddable":true,"href":"https:\/\/sfbtm.fr\/jfbtm\/wp-json\/wp\/v2\/comments?post=3405"}],"version-history":[{"count":5,"href":"https:\/\/sfbtm.fr\/jfbtm\/wp-json\/wp\/v2\/pages\/3405\/revisions"}],"predecessor-version":[{"id":3467,"href":"https:\/\/sfbtm.fr\/jfbtm\/wp-json\/wp\/v2\/pages\/3405\/revisions\/3467"}],"up":[{"embeddable":true,"href":"https:\/\/sfbtm.fr\/jfbtm\/wp-json\/wp\/v2\/pages\/537"}],"wp:attachment":[{"href":"https:\/\/sfbtm.fr\/jfbtm\/wp-json\/wp\/v2\/media?parent=3405"}],"curies":[{"name":"wp","href":"https:\/\/api.w.org\/{rel}","templated":true}]}}