{"id":544,"date":"2016-11-04T15:26:07","date_gmt":"2016-11-04T14:26:07","guid":{"rendered":"http:\/\/sfbtm.fr\/jfbtm\/?page_id=544"},"modified":"2016-11-08T17:02:30","modified_gmt":"2016-11-08T16:02:30","slug":"infos-pratiques-jfbtm2016","status":"publish","type":"page","link":"https:\/\/sfbtm.fr\/jfbtm\/archives\/infos-pratiques-jfbtm2016\/","title":{"rendered":"Informations pratiques &#8211; JFBTM 2016"},"content":{"rendered":"<p>&nbsp;<\/p>\n<p><span style=\"font-size: 18pt;\"><span style=\"font-size: 14pt;\">Voici toutes les infos pratiques pour venir aux 18<sup>\u00e8mes<\/sup> JFBTM \u00e0 Nancy, du <strong>1er au 3 juin 2016<\/strong> ! <a href=\"http:\/\/www.meteofrance.com\/previsions-meteo-france\/nancy\/54000\" target=\"_blank\" rel=\"attachment wp-att-246\"><img loading=\"lazy\" decoding=\"async\" class=\"wp-image-246 alignright\" src=\"https:\/\/sfbtm.fr\/jfbtm\/wp-content\/uploads\/2015\/09\/000027671-300x283.jpg\" alt=\"000027671\" width=\"63\" height=\"59\" srcset=\"https:\/\/sfbtm.fr\/jfbtm\/wp-content\/uploads\/2015\/09\/000027671-300x283.jpg 300w, https:\/\/sfbtm.fr\/jfbtm\/wp-content\/uploads\/2015\/09\/000027671-159x150.jpg 159w, https:\/\/sfbtm.fr\/jfbtm\/wp-content\/uploads\/2015\/09\/000027671-150x142.jpg 150w, https:\/\/sfbtm.fr\/jfbtm\/wp-content\/uploads\/2015\/09\/000027671.jpg 309w\" sizes=\"auto, (max-width: 63px) 100vw, 63px\" \/><\/a><\/span><br \/>\n <\/span><\/p>\n<h4 style=\"text-align: right;\">\u00a0<\/h4>\n<h4><strong>Lieu du congr\u00e8s<\/strong><\/h4>\n<div>\u00a0<\/div>\n<div style=\"padding-left: 30px;\"><a href=\"http:\/\/www.grandnancy-congresetevenements.com\/centre-prouve-en.html\" target=\"_blank\">Centre de Congr\u00e8s Prouv\u00e9<\/a><\/div>\n<div style=\"padding-left: 30px;\">1, place de la R\u00e9publique<\/div>\n<div style=\"padding-left: 30px;\">CS 60663 \u2013 54063 Nancy Cedex<a href=\"https:\/\/sfbtm.fr\/jfbtm\/wp-content\/uploads\/2015\/09\/logo-GNCEamba-RVB.jpg\" rel=\"attachment wp-att-284\"><img loading=\"lazy\" decoding=\"async\" class=\"wp-image-284 aligncenter\" src=\"https:\/\/sfbtm.fr\/jfbtm\/wp-content\/uploads\/2015\/09\/logo-GNCEamba-RVB-300x300.jpg\" alt=\"logo-GNCEamba-RVB\" width=\"63\" height=\"63\" srcset=\"https:\/\/sfbtm.fr\/jfbtm\/wp-content\/uploads\/2015\/09\/logo-GNCEamba-RVB-300x300.jpg 300w, https:\/\/sfbtm.fr\/jfbtm\/wp-content\/uploads\/2015\/09\/logo-GNCEamba-RVB-150x150.jpg 150w, https:\/\/sfbtm.fr\/jfbtm\/wp-content\/uploads\/2015\/09\/logo-GNCEamba-RVB-768x768.jpg 768w, https:\/\/sfbtm.fr\/jfbtm\/wp-content\/uploads\/2015\/09\/logo-GNCEamba-RVB.jpg 842w\" sizes=\"auto, (max-width: 63px) 100vw, 63px\" \/><\/a><\/div>\n<div style=\"padding-left: 30px;\">\u00a0<\/div>\n<div style=\"padding-left: 30px;\">Adresse GPS\u00a0\u00a0\u00a0\u00a0\u00a0\u00a0\u00a0\u00a0\u00a0\u00a0\u00a0\u00a0\u00a0\u00a0\u00a0\u00a0\u00a0\u00a0\u00a0\u00a0\u00a0\u00a0\u00a0\u00a0\u00a0\u00a0\u00a0\u00a0\u00a0\u00a0\u00a0\u00a0\u00a0\u00a0\u00a0\u00a0\u00a0\u00a0 Coordonn\u00e9es GPS<\/div>\n<div style=\"padding-left: 30px;\">8-10 boulevard Joffre\u00a0\u00a0\u00a0\u00a0\u00a0\u00a0\u00a0\u00a0\u00a0\u00a0\u00a0\u00a0\u00a0\u00a0\u00a0\u00a0\u00a0\u00a0\u00a0\u00a0\u00a0 NS 48\u00b041\u201918.755<\/div>\n<div style=\"padding-left: 30px;\">54000 Nancy\u00a0\u00a0\u00a0\u00a0\u00a0\u00a0\u00a0\u00a0\u00a0\u00a0\u00a0\u00a0\u00a0\u00a0\u00a0\u00a0\u00a0\u00a0\u00a0\u00a0\u00a0\u00a0\u00a0\u00a0\u00a0\u00a0\u00a0\u00a0\u00a0\u00a0\u00a0\u00a0\u00a0\u00a0\u00a0\u00a0 \u00a0 EW 6\u00b010\u201937.834<\/div>\n<div style=\"padding-left: 30px;\">\u00a0<\/div>\n<div style=\"padding-left: 30px;\"><em><a href=\"https:\/\/www.google.fr\/maps\/dir\/\/Centre+Prouv%C3%A9+-+Grand+Nancy+Congr%C3%A8s+et+Ev%C3%A8nements,+1+Place+de+la+R%C3%A9publique,,+54063+Nancy\/@48.687826,6.177232,17z\/data=!4m12!1m3!3m2!1s0x4794987199096b25:0x3cbade60c4bb1899!2sCentre+Prouv%C3%A9+-+Grand+Nancy+Congr%C3%A8s+et+Ev%C3%A8nements!4m7!1m0!1m5!1m1!1s0x4794987199096b25:0x3cbade60c4bb1899!2m2!1d6.177232!2d48.687826\" target=\"_blank\">Calculer votre itin\u00e9raire<\/a> ou <a href=\"https:\/\/sfbtm.fr\/jfbtm\/wp-content\/uploads\/2015\/09\/Plans_acces.pdf\" target=\"_blank\" rel=\"\">T\u00e9l\u00e9charger les plans d&rsquo;acc\u00e8s<\/a><\/em><\/div>\n<div>\u00a0<\/div>\n<p>Situ\u00e9 en plein centre-ville, \u00e0 1 min \u00e0 pied de la gare TGV de Nancy et de la plateforme de transports publics, le Centre de Congr\u00e8s Prouv\u00e9 est tr\u00e8s accessible par tous les moyens de transport.\u00a0<\/p>\n<p>Un parking sous-terrain de 450 places est\u00a0\u00e0 votre disposition.<\/p>\n<h4><strong>Venir \u00e0 Nancy<\/strong><\/h4>\n<div>\u00a0<\/div>\n<p>La ville de Nancy est connect\u00e9e aux grandes villes fran\u00e7aises et m\u00e9tropoles europ\u00e9ennes par les axes autoroutiers europ\u00e9ens Nord-Sud et Est-Ouest, le r\u00e9seau ferr\u00e9 \u00e0 Grand Vitesse jusqu\u2019au centre-ville et par voies a\u00e9riennes<\/p>\n<p><strong><em>EN VOITURE<\/em><\/strong><\/p>\n<h5><strong><img loading=\"lazy\" decoding=\"async\" class=\"alignleft wp-image-58\" src=\"https:\/\/sfbtm.fr\/jfbtm\/wp-content\/uploads\/2015\/09\/voiture-150x150.png\" alt=\"en voiture\" width=\"50\" height=\"50\" srcset=\"https:\/\/sfbtm.fr\/jfbtm\/wp-content\/uploads\/2015\/09\/voiture-150x150.png 150w, https:\/\/sfbtm.fr\/jfbtm\/wp-content\/uploads\/2015\/09\/voiture-300x300.png 300w, https:\/\/sfbtm.fr\/jfbtm\/wp-content\/uploads\/2015\/09\/voiture.png 421w\" sizes=\"auto, (max-width: 50px) 100vw, 50px\" \/>Nancy est situ\u00e9 sur les grands axes europ\u00e9ens<\/strong><\/h5>\n<ul>\n<li>En provenance de Paris ou Strasbourg, acc\u00e8s autoroutier, par l\u2019autoroute A4.<\/li>\n<li>En provenance de Bruxelles, Luxembourg et Dijon, par l\u2019autoroute A31.<\/li>\n<\/ul>\n<div>\u00a0<\/div>\n<p><em><strong>EN TRAIN<\/strong><\/em><\/p>\n<h5><strong><a href=\"http:\/\/www.gares-sncf.com\/fr\/gare\/frenc\/nancy\" target=\"_blank\"><img loading=\"lazy\" decoding=\"async\" class=\"alignleft wp-image-72\" src=\"https:\/\/sfbtm.fr\/jfbtm\/wp-content\/uploads\/2015\/09\/train-150x150.png\" alt=\"train\" width=\"50\" height=\"50\" srcset=\"https:\/\/sfbtm.fr\/jfbtm\/wp-content\/uploads\/2015\/09\/train-150x150.png 150w, https:\/\/sfbtm.fr\/jfbtm\/wp-content\/uploads\/2015\/09\/train-300x300.png 300w, https:\/\/sfbtm.fr\/jfbtm\/wp-content\/uploads\/2015\/09\/train.png 421w\" sizes=\"auto, (max-width: 50px) 100vw, 50px\" \/><\/a>Nancy est accessible directement par sa gare centrale TGV situ\u00e9e au pied du Centre Prouv\u00e9<br \/>\n <\/strong><\/h5>\n<ul>\n<li>Paris \u00e0 1h30<\/li>\n<li>A\u00e9roport Charles de Gaulle \u00e0 1h10<\/li>\n<li>Lyon \u00e0 4h<\/li>\n<li>Strasbourg \u00e0 1h15<\/li>\n<li>Nantes \u00e0 4h50<\/li>\n<li>Lille \u00e0 3h30<\/li>\n<li>Bordeaux \u00e0 5h30<\/li>\n<li>&#8230;..<a href=\"http:\/\/www.voyages-sncf.fr\" target=\"_blank\"><br \/>\n <\/a><\/li>\n<\/ul>\n<p style=\"text-align: left;\">Pour certaines provenances (Nantes, Bordeaux, Lille etc&#8230;), il peut \u00e9galement \u00eatre int\u00e9ressant de prendre un train vers la Gare TGV Lorraine situ\u00e9e \u00e0 30 minutes du Centre Prouv\u00e9. Pour vous rendre depuis la gare TGV Lorraine au Palais des Congr\u00e8s, de nombreuses <a href=\"https:\/\/sfbtm.fr\/jfbtm\/documents\/navettes.pdf\" target=\"_blank\">navettes<\/a> assurent la liaison avec la gare de Nancy (plus de d\u00e9tails sur le <a href=\"http:\/\/www.gares-sncf.com\/fr\/gare\/frenc\/nancy\/transports-horaires\/transports-collectifs\/navettes\" target=\"_blank\">site SNCF de la gare de Nancy<\/a>); des taxis offrent \u00e9galement des courses pour Nancy (environ 50\u20ac)<br \/>\n \u00a0<a href=\"http:\/\/www.voyages-sncf.fr\" target=\"_blank\"><img loading=\"lazy\" decoding=\"async\" class=\"aligncenter wp-image-170\" src=\"https:\/\/sfbtm.fr\/jfbtm\/wp-content\/uploads\/2015\/09\/SNCF.png\" alt=\"SNCF\" width=\"92\" height=\"92\" \/><\/a><\/p>\n<p><em><strong>EN AVION<\/strong><\/em><\/p>\n<h5><strong><a href=\"http:\/\/www.metz-nancy-lorraine.aeroport.fr\" target=\"_blank\"><img loading=\"lazy\" decoding=\"async\" class=\"alignleft wp-image-96\" src=\"https:\/\/sfbtm.fr\/jfbtm\/wp-content\/uploads\/2015\/09\/avion-150x150.png\" alt=\"avion\" width=\"50\" height=\"50\" srcset=\"https:\/\/sfbtm.fr\/jfbtm\/wp-content\/uploads\/2015\/09\/avion-150x150.png 150w, https:\/\/sfbtm.fr\/jfbtm\/wp-content\/uploads\/2015\/09\/avion-300x300.png 300w, https:\/\/sfbtm.fr\/jfbtm\/wp-content\/uploads\/2015\/09\/avion.png 421w\" sizes=\"auto, (max-width: 50px) 100vw, 50px\" \/><\/a><a href=\"http:\/\/www.metz-nancy-lorraine.aeroport.fr\" target=\"_blank\">L\u2019a\u00e9roport r\u00e9gional de Metz-Nancy Lorraine<\/a> est situ\u00e9 \u00e0 environ 30 minutes du Centre Prouv\u00e9 et assure les destinations nationales\u00a0: Paris, Bordeaux,\u00a0<\/strong><strong>Marseille, Nice,\u00a0<\/strong><strong>Clermont-Ferrand, Toulouse,\u00a0Lyon &#8230;<\/strong><\/h5>\n<h5>\u00a0<\/h5>\n<h5><strong><a href=\"http:\/\/www.hop.com\" target=\"_blank\" rel=\"attachment wp-att-235\"><img loading=\"lazy\" decoding=\"async\" class=\"wp-image-235 aligncenter\" src=\"https:\/\/sfbtm.fr\/jfbtm\/wp-content\/uploads\/2015\/09\/1024px-HOP_2013_logo.svg_-300x91.png\" alt=\"1024px-HOP_2013_logo.svg\" width=\"66\" height=\"20\" srcset=\"https:\/\/sfbtm.fr\/jfbtm\/wp-content\/uploads\/2015\/09\/1024px-HOP_2013_logo.svg_-300x91.png 300w, https:\/\/sfbtm.fr\/jfbtm\/wp-content\/uploads\/2015\/09\/1024px-HOP_2013_logo.svg_-768x233.png 768w, https:\/\/sfbtm.fr\/jfbtm\/wp-content\/uploads\/2015\/09\/1024px-HOP_2013_logo.svg_.png 1024w, https:\/\/sfbtm.fr\/jfbtm\/wp-content\/uploads\/2015\/09\/1024px-HOP_2013_logo.svg_-250x76.png 250w, https:\/\/sfbtm.fr\/jfbtm\/wp-content\/uploads\/2015\/09\/1024px-HOP_2013_logo.svg_-150x45.png 150w\" sizes=\"auto, (max-width: 66px) 100vw, 66px\" \/><\/a><\/strong><a href=\"http:\/\/www.airfrance.fr\" target=\"_blank\" rel=\"attachment wp-att-238\"><img loading=\"lazy\" decoding=\"async\" class=\"wp-image-238 aligncenter\" src=\"https:\/\/sfbtm.fr\/jfbtm\/wp-content\/uploads\/2015\/09\/airfrance_2009-300x50.jpg\" alt=\"airfrance_2009\" width=\"156\" height=\"26\" srcset=\"https:\/\/sfbtm.fr\/jfbtm\/wp-content\/uploads\/2015\/09\/airfrance_2009-300x50.jpg 300w, https:\/\/sfbtm.fr\/jfbtm\/wp-content\/uploads\/2015\/09\/airfrance_2009-768x129.jpg 768w, https:\/\/sfbtm.fr\/jfbtm\/wp-content\/uploads\/2015\/09\/airfrance_2009-250x42.jpg 250w, https:\/\/sfbtm.fr\/jfbtm\/wp-content\/uploads\/2015\/09\/airfrance_2009-150x25.jpg 150w, https:\/\/sfbtm.fr\/jfbtm\/wp-content\/uploads\/2015\/09\/airfrance_2009.jpg 1000w\" sizes=\"auto, (max-width: 156px) 100vw, 156px\" \/><\/a><a href=\"http:\/\/www.twinjet.fr\/\" target=\"_blank\" rel=\"attachment wp-att-239\"><img loading=\"lazy\" decoding=\"async\" class=\"wp-image-239 aligncenter\" src=\"https:\/\/sfbtm.fr\/jfbtm\/wp-content\/uploads\/2015\/09\/logo.jpg\" alt=\"logo\" width=\"63\" height=\"30\" \/><\/a><\/h5>\n<p>Pour vous rendre depuis l&rsquo;a\u00e9roport au Palais des Congr\u00e8s, de nombreuses navettes assurent la liaison avec la gare de Nancy (<a href=\"http:\/\/www.metz-nancy-lorraine.aeroport.fr\" target=\"_blank\">horaires sur le site internet de l&rsquo;a\u00e9roport<\/a>); des taxis offrent \u00e9galement des courses pour Nancy (environ 50\u20ac)<\/p>\n<p><a href=\"http:\/\/www.lux-airport.lu\/\" target=\"_blank\"><strong>L\u2019a\u00e9roport international de <\/strong><\/a><strong><a href=\"http:\/\/www.lux-airport.lu\/\" target=\"_blank\">Luxembourg<\/a> est \u00e9galement une option.\u00a0<\/strong><\/p>\n<p>Il est situ\u00e9 \u00e0 1h30 de Nancy<\/p>\n<p style=\"text-align: justify;\">\u00a0<\/p>\n<h4><strong>H\u00e9bergement<br \/>\n <\/strong><\/h4>\n<p>Des h\u00f4tels de qualit\u00e9, de toutes cat\u00e9gories et tr\u00e8s accessibles (\u00e0 partir de 55\u20ac la nuit) vous renderont le s\u00e9jour assur\u00e9ment agr\u00e9able.\u00a0<\/p>\n<p>Quelques exemples \u00e0 proximit\u00e9 imm\u00e9diate ou moins de 10\u00a0minutes \u00e0 pied du <a href=\"http:\/\/www.grandnancy-congresetevenements.com\" target=\"_blank\">Centre Prouv\u00e9 :<\/a><\/p>\n<p>****\u00a0\u00a0\u00a0\u00a0\u00a0\u00a0\u00a0\u00a0\u00a0\u00a0\u00a0<\/p>\n<p><a href=\"http:\/\/www.hoteldelareine.com\/\" target=\"_blank\">Grand H\u00f4tel de la Reine<\/a><\/p>\n<p><a href=\"http:\/\/www.mercure.com\/fr\/hotel-1068-hotel-mercure-nancy-centre-place-stanislas\/index.shtml\" target=\"_blank\">Mercure<\/a><\/p>\n<p>***\u00a0\u00a0\u00a0\u00a0\u00a0\u00a0\u00a0\u00a0\u00a0\u00a0\u00a0\u00a0\u00a0\u00a0<\/p>\n<p><a href=\"http:\/\/www.hoteldesprelats.com\/\" target=\"_blank\">H\u00f4tel des Pr\u00e9lats<\/a><\/p>\n<p><a href=\"http:\/\/www.parkinn.fr\/hotel-nancy\/contact\" target=\"_blank\">Park Inn<\/a><\/p>\n<p>** \/ ***\u00a0\u00a0\u00a0 selon localisation<\/p>\n<p><a href=\"http:\/\/www.ibis.com\/fr\/booking\/hotels-list.shtml\" target=\"_blank\">Hotel Ibis<\/a><\/p>\n<p><a href=\"http:\/\/www.campanile.com\/fr\/france\/lorraine\/hotels-nancy?gclid=CM7yzpynwsoCFcG7GwodYIANZQ&amp;AspxAutoDetectCookieSupport=1\" target=\"_blank\">Hotel Campanile<\/a><\/p>\n<p>Pour plus de renseignements, vous pouvez directement et gratuitement demander conseil\u00a0 par t\u00e9l\u00e9phone au 00 33 (0)3 83 35 84 71, par mail \u00e0 <a href=\"mailto:mlaure.clausse@nancy-tourisme.fr\">mlaure.clausse@nancy-tourisme.fr<\/a> ou 7j\/7 sur <a href=\"http:\/\/www.nancy-tourisme.fr\/mes-reservations\/?modele=reserver_hotel\">le site Internet de r\u00e9servation<\/a><\/p>\n<h4><strong>Tourisme<\/strong><\/h4>\n<p>Si la place Stanislas, fleuron de l\u2019architecture du XVIII<sup>e<\/sup>\u00a0si\u00e8cle, class\u00e9e avec la place d&rsquo;Alliance et la place de la Carri\u00e8re, au patrimoine mondial de l\u2019UNESCO est le lieu de convergence de l\u2019animation de la ville, Nancy vous enchantera par ses diff\u00e9rents quartiers. La situation centrale du Centre Prouv\u00e9 du Palais des congr\u00e8s vous permettra de profiter de l\u2019environnement commercial et d&rsquo;avoir acc\u00e8s \u00e0 de nombreuses adresses gourmandes pour une pause d\u00e9licieuse au cours de votre s\u00e9jour.<\/p>\n<p>Pour plus d&rsquo;informations, visitez le site\u00a0<a href=\"http:\/\/www.nancy-tourisme.fr\" target=\"_blank\">Nancy Tourisme<\/a><\/p>\n","protected":false},"excerpt":{"rendered":"<p>&nbsp; Voici toutes les infos pratiques pour venir aux 18\u00e8mes JFBTM \u00e0 Nancy, du 1er au 3 juin 2016 ! \u00a0 Lieu du congr\u00e8s \u00a0 Centre de Congr\u00e8s Prouv\u00e9 1, place de la R\u00e9publique CS 60663 \u2013 54063 Nancy Cedex \u00a0 Adresse GPS\u00a0\u00a0\u00a0\u00a0\u00a0\u00a0\u00a0\u00a0\u00a0\u00a0\u00a0\u00a0\u00a0\u00a0\u00a0\u00a0\u00a0\u00a0\u00a0\u00a0\u00a0\u00a0\u00a0\u00a0\u00a0\u00a0\u00a0\u00a0\u00a0\u00a0\u00a0\u00a0\u00a0\u00a0\u00a0\u00a0\u00a0\u00a0 Coordonn\u00e9es GPS 8-10 boulevard Joffre\u00a0\u00a0\u00a0\u00a0\u00a0\u00a0\u00a0\u00a0\u00a0\u00a0\u00a0\u00a0\u00a0\u00a0\u00a0\u00a0\u00a0\u00a0\u00a0\u00a0\u00a0 NS 48\u00b041\u201918.755\u2026<\/p>\n<p> <a class=\"continue-reading-link\" href=\"https:\/\/sfbtm.fr\/jfbtm\/archives\/infos-pratiques-jfbtm2016\/\"><span>Lire la suite&#8230;<\/span><i class=\"crycon-right-dir\"><\/i><\/a> <\/p>\n","protected":false},"author":1,"featured_media":0,"parent":537,"menu_order":0,"comment_status":"closed","ping_status":"closed","template":"","meta":{"_exactmetrics_skip_tracking":false,"_exactmetrics_sitenote_active":false,"_exactmetrics_sitenote_note":"","_exactmetrics_sitenote_category":0,"footnotes":""},"class_list":["post-544","page","type-page","status-publish","hentry"],"_links":{"self":[{"href":"https:\/\/sfbtm.fr\/jfbtm\/wp-json\/wp\/v2\/pages\/544","targetHints":{"allow":["GET"]}}],"collection":[{"href":"https:\/\/sfbtm.fr\/jfbtm\/wp-json\/wp\/v2\/pages"}],"about":[{"href":"https:\/\/sfbtm.fr\/jfbtm\/wp-json\/wp\/v2\/types\/page"}],"author":[{"embeddable":true,"href":"https:\/\/sfbtm.fr\/jfbtm\/wp-json\/wp\/v2\/users\/1"}],"replies":[{"embeddable":true,"href":"https:\/\/sfbtm.fr\/jfbtm\/wp-json\/wp\/v2\/comments?post=544"}],"version-history":[{"count":3,"href":"https:\/\/sfbtm.fr\/jfbtm\/wp-json\/wp\/v2\/pages\/544\/revisions"}],"predecessor-version":[{"id":547,"href":"https:\/\/sfbtm.fr\/jfbtm\/wp-json\/wp\/v2\/pages\/544\/revisions\/547"}],"up":[{"embeddable":true,"href":"https:\/\/sfbtm.fr\/jfbtm\/wp-json\/wp\/v2\/pages\/537"}],"wp:attachment":[{"href":"https:\/\/sfbtm.fr\/jfbtm\/wp-json\/wp\/v2\/media?parent=544"}],"curies":[{"name":"wp","href":"https:\/\/api.w.org\/{rel}","templated":true}]}}