{"id":583,"date":"2016-11-08T17:03:11","date_gmt":"2016-11-08T16:03:11","guid":{"rendered":"http:\/\/sfbtm.fr\/jfbtm\/?page_id=583"},"modified":"2023-10-19T11:56:53","modified_gmt":"2023-10-19T10:56:53","slug":"bienvenue-aux-18emes-jfbtm","status":"publish","type":"page","link":"https:\/\/sfbtm.fr\/jfbtm\/archives\/bienvenue-aux-18emes-jfbtm\/","title":{"rendered":"Bienvenue aux 18\u00e8mes JFBTM"},"content":{"rendered":"<p>Cher(es) Coll\u00e8gues, Cher(es) Ami(es),<\/p>\n<p style=\"text-align: justify;\"><strong>Les 18\u00e8mes Journ\u00e9es Fran\u00e7aises de Biologie des Tissus Min\u00e9ralis\u00e9s<\/strong> se d\u00e9rouleront donc cette ann\u00e9e du <strong>01 au 03 Juin 2016<\/strong> pour la premi\u00e8re fois \u00e0 Nancy. Nous avons souhait\u00e9 organiser ces prochaines journ\u00e9es au <strong>Centre Prouv\u00e9<\/strong>, un lieu hautement symbolique. Ancien centre de tri postal, \u00e9difi\u00e9 par Claude Prouv\u00e9 en 1969, ce b\u00e2timent a r\u00e9cemment \u00e9t\u00e9\u00a0transform\u00e9 en palais des congr\u00e8s ultra-moderne et constitue un magnifique \u00e9crin dont les atouts logistiques et esth\u00e9tiques, et la situation au coeur du Grand Nancy, au pied de la gare TGV et dans l&rsquo;\u00e9co-quartier Nancy Grand Coeur, repr\u00e9senteront sans aucun doute des \u00e9l\u00e9ments majeurs pour vous accueillir dans les meilleures conditions.<\/p>\n<p style=\"text-align: justify;\">Comme chaque ann\u00e9e, le programme scientifique mettra en valeur les<strong>\u00a0jeunes scientifiques <\/strong>par l&rsquo;interm\u00e9diaire de communications orales ou affich\u00e9es. Des prix seront d\u00e9cern\u00e9s aux meilleures <a href=\"https:\/\/sfbtm.fr\/jfbtm\/wp-content\/uploads\/2016\/01\/Poster-JFBTM-2016.jpg\" rel=\"attachment wp-att-202\"><img loading=\"lazy\" decoding=\"async\" class=\"wp-image-421 size-medium alignright\" src=\"https:\/\/sfbtm.fr\/jfbtm\/wp-content\/uploads\/2016\/01\/Poster-JFBTM-2016-212x300.jpg\" alt=\"\" width=\"212\" height=\"300\" srcset=\"https:\/\/sfbtm.fr\/jfbtm\/wp-content\/uploads\/2016\/01\/Poster-JFBTM-2016-212x300.jpg 212w, https:\/\/sfbtm.fr\/jfbtm\/wp-content\/uploads\/2016\/01\/Poster-JFBTM-2016-768x1086.jpg 768w, https:\/\/sfbtm.fr\/jfbtm\/wp-content\/uploads\/2016\/01\/Poster-JFBTM-2016-724x1024.jpg 724w, https:\/\/sfbtm.fr\/jfbtm\/wp-content\/uploads\/2016\/01\/Poster-JFBTM-2016-106x150.jpg 106w\" sizes=\"auto, (max-width: 212px) 100vw, 212px\" \/><\/a>communications \u00e0 la fin du congr\u00e8s. Cinq conf\u00e9renciers d&rsquo;exceptions viendront nous pr\u00e9senter leurs connaissances dans des domaines d&rsquo;expertise diff\u00e9rents. A l\u2019excellence du programme scientifique propos\u00e9 dans ce lieu d&rsquo;exception qu&rsquo;est le Centre Prouv\u00e9, nous avons \u00e0 coeur d\u2019associer <strong>les richesses culturelles et \u00e9v\u00e9nementielles du Grand Nancy<\/strong>. Le D\u00eener de Gala se d\u00e9roulera dans les Grands Salons de l\u2019H\u00f4tel de Ville, ce qui permettra \u00e0 l\u2019ensemble des congressistes d\u2019admirer, et pour la grande majorit\u00e9, de d\u00e9couvrir, <strong>la Place Stanislas, patrimoine mondial de l&rsquo;UNESCO,<\/strong> dans un cadre prestigieux. Nous travaillons \u00e9galement avec le syndicat d&rsquo;initiative pour proposer hors-programme, diff\u00e9rentes <strong>visites de mus\u00e9es ou de lieux historiques<\/strong> \u00e0 ceux qui souhaiteraient d\u00e9couvrir les splendeurs de notre cit\u00e9 ducale.<\/p>\n<p style=\"text-align: justify;\">Nous sommes particuli\u00e8rement heureux et fiers de vous accueillir pour <strong>la premi\u00e8re fois en Lorraine<\/strong>\u00a0et nous esp\u00e9rons vous voir\u00a0<strong>tr\u00e8s nombreux<\/strong>\u00a0au cours de ces prochaines journ\u00e9es qui, au-del\u00e0 de l&rsquo;excellence du programme scientifique, vous permettront \u00e9galement de d\u00e9couvrir\u00a0<strong>notre cit\u00e9 ducale, berceau de l\u2019Art Nouveau<\/strong>.<\/p>\n<p style=\"text-align: right;\"><span style=\"font-size: 14pt;\">\u00a0<em><a href=\"https:\/\/sfbtm.fr\/jfbtm\/wp-content\/uploads\/2016\/01\/Poster-JFBTM-2016.jpg\" target=\"_blank\" rel=\"noopener\">T\u00e9l\u00e9charger l&rsquo;affiche<\/a><\/em><\/span><\/p>\n","protected":false},"excerpt":{"rendered":"<p>Cher(es) Coll\u00e8gues, Cher(es) Ami(es), Les 18\u00e8mes Journ\u00e9es Fran\u00e7aises de Biologie des Tissus Min\u00e9ralis\u00e9s se d\u00e9rouleront donc cette ann\u00e9e du 01 au 03 Juin 2016 pour la premi\u00e8re fois \u00e0 Nancy. Nous avons souhait\u00e9 organiser ces prochaines journ\u00e9es au Centre Prouv\u00e9, un lieu hautement symbolique. Ancien centre de tri postal, \u00e9difi\u00e9\u2026<\/p>\n<p> <a class=\"continue-reading-link\" href=\"https:\/\/sfbtm.fr\/jfbtm\/archives\/bienvenue-aux-18emes-jfbtm\/\"><span>Lire la suite&#8230;<\/span><i class=\"crycon-right-dir\"><\/i><\/a> <\/p>\n","protected":false},"author":1,"featured_media":0,"parent":537,"menu_order":0,"comment_status":"closed","ping_status":"closed","template":"templates\/template-onecolumn.php","meta":{"_exactmetrics_skip_tracking":false,"_exactmetrics_sitenote_active":false,"_exactmetrics_sitenote_note":"","_exactmetrics_sitenote_category":0,"footnotes":""},"class_list":["post-583","page","type-page","status-publish","hentry"],"_links":{"self":[{"href":"https:\/\/sfbtm.fr\/jfbtm\/wp-json\/wp\/v2\/pages\/583","targetHints":{"allow":["GET"]}}],"collection":[{"href":"https:\/\/sfbtm.fr\/jfbtm\/wp-json\/wp\/v2\/pages"}],"about":[{"href":"https:\/\/sfbtm.fr\/jfbtm\/wp-json\/wp\/v2\/types\/page"}],"author":[{"embeddable":true,"href":"https:\/\/sfbtm.fr\/jfbtm\/wp-json\/wp\/v2\/users\/1"}],"replies":[{"embeddable":true,"href":"https:\/\/sfbtm.fr\/jfbtm\/wp-json\/wp\/v2\/comments?post=583"}],"version-history":[{"count":3,"href":"https:\/\/sfbtm.fr\/jfbtm\/wp-json\/wp\/v2\/pages\/583\/revisions"}],"predecessor-version":[{"id":2915,"href":"https:\/\/sfbtm.fr\/jfbtm\/wp-json\/wp\/v2\/pages\/583\/revisions\/2915"}],"up":[{"embeddable":true,"href":"https:\/\/sfbtm.fr\/jfbtm\/wp-json\/wp\/v2\/pages\/537"}],"wp:attachment":[{"href":"https:\/\/sfbtm.fr\/jfbtm\/wp-json\/wp\/v2\/media?parent=583"}],"curies":[{"name":"wp","href":"https:\/\/api.w.org\/{rel}","templated":true}]}}